{"id":1184,"date":"2020-05-23T11:59:33","date_gmt":"2020-05-23T09:59:33","guid":{"rendered":"https:\/\/www.parrocchiavillanovadelbattista.it\/site\/wpita\/?page_id=1184"},"modified":"2024-11-05T08:31:46","modified_gmt":"2024-11-05T07:31:46","slug":"comunicazione-vescovo","status":"publish","type":"page","link":"https:\/\/www.parrocchiavillanovadelbattista.it\/site\/wpita\/comunicazione-vescovo\/","title":{"rendered":"Vescovo"},"content":{"rendered":"\n<p class=\"has-text-align-center has-vivid-red-color has-text-color has-background has-medium-font-size\" style=\"background-color:#a6cee7\"><strong><span style=\"color:#bf1259\" class=\"has-inline-color\">Mons. Sergio Melillo<\/span><\/strong><\/p>\n\n\n\n<p class=\"has-text-align-center has-text-color has-background\" style=\"color:#c72a2a;background-color:#add3eb\"><strong>Vescovo di Ariano Irpino \u2013 Lacedonia<\/strong><\/p>\n\n\n\n<p>Ariano Irpino, 3 novembre 2024<\/p>\n\n\n\n<p class=\"has-text-align-right\"><\/p>\n\n\n\n<p class=\"has-vivid-red-color has-luminous-vivid-amber-background-color has-text-color has-background has-medium-font-size\">LETTERA AI FEDELI<\/p>\n\n\n\n<p>Carissimi fratelli e sorelle, cari presbiteri, diaconi, religiosi\/e,,<\/p>\n\n\n\n<p>da settimane, quasi quotidianamente, una nota trasmissione televisiva dedica parte del suo palinsesto alla penosa vicenda degli <em>ex voto<\/em> in oro trafugati dal palazzo vescovile.<\/p>\n\n\n\n<p>Per i modi addirittura persecutori e financo irrispettosi dei luoghi di culto e delle funzioni religiose in cui si attua; per i contenuti, in vari momenti, falsi, insinuanti e ingannevoli in cui si esprime, essa da un canto lede il ruolo e l&#8217;immagine della Chiesa, la figura e la persona del Vescovo, dall&#8217;altro mi preoccupa per lo smarrimento che genera nella comunit\u00e0 diocesana.<\/p>\n\n\n\n<p>Sin dalla prima puntata del programma mi sono formalmente doluto di una impronta affatto corretta della informazione giornalistica; ho motivato, inoltre, la mia intenzione di non rilasciare interviste.<\/p>\n\n\n\n<p>Dal volgere degli eventi ho ragione di ritenere che il mio atteggiamento non sia stato gradito, registrando l&#8217;intendimento quasi punitivo e sempre pi\u00f9 pressante, anche per mezzo di accostamenti maliziosi, subdole insinuazioni e mistificazioni varie, ad indurmi a rendere la tanto reclamata intervista: come se ci fosse soltanto un diritto di cronaca e non anche un diritto alla riservatezza.<\/p>\n\n\n\n<p>Per la prima ragione, preannuncio che dar\u00f2 mandato ad un avvocato di fiducia per valutare le azioni esercitabili ed eventualmente darvi corso.<\/p>\n\n\n\n<p>Per il secondo motivo mi rivolgo a Voi avendo in animo il desiderio di risanare, sulla via della verit\u00e0, il rapporto di fiducia con il popolo dei fedeli, purtroppo lacerato dal furto sacrilego. Gi\u00e0 all&#8217;indomani dell&#8217;arresto della suora che, secondo una consolidata prassi esecutiva, aveva in custodia gli ori in un settore dell&#8217;episcopio riservato alla sua congregazione ed interdetto al clero, con il mio comunicato del 12 ottobre ho preso atto degli sviluppi delle indagini, caratterizzati, per quanto emerso ufficialmente, da riscontri oggettivi e dalla confessione della indiziata; ho espresso fiducia nell&#8217;operato della Magistratura, ancora in corso<\/p>\n\n\n\n<p>Questa per me \u00e8 la verit\u00e0, purtroppo amara e dura a sopportarsi: che una mano domestica si \u00e8 macchiata di un fatto cos\u00ec empio che nuoce ai beni della Chiesa, infanga scandalosamente la sua immagine, offende la sensibilit\u00e0 dei fedeli e specialmente delle comunit\u00e0 parrocchiali i cui ex voto risultano sottratti, bench\u00e9 in parte.<\/p>\n\n\n\n<p>Non ho voluto rilasciare interviste ad emittenti televisive e testate della carta stampata perch\u00e9, soprattutto nella attuale fase di ricostruzione dei fatti e di ricerca degli elementi di prova, nel rispetto del segreto istruttorio sulle indagini condotte dalla Magistratura inquirente, alla quale, come esponente della persona offesa dal reato, ho reso e render\u00f2 la pi\u00f9 ampia collaborazione, credo che non sia onesto esprimere giudizi o fare commenti sulla base di dati generici, sommari, frammentari e in continuo divenire o, peggio, non sia conveniente lasciarsi irretire da ribalte mediatiche che, in nome di un abusato diritto di cronaca, attraverso immagini, racconti e brani di interviste, il pi\u00f9 delle volte ripetitivi, si dipanano da un filo narrativo quotidianamente alimentato da dati estemporanei, da mere supposizioni, da gratuite esternazioni in una logica del sospetto o del \u201cromanzo\u201d che crea scenari sconcertanti o l&#8217;aspettativa bramosa di risvolti sensazionali.<\/p>\n\n\n\n<p>Per queste ragioni ho mantenuto un profilo di sobrio riserbo: il mio silenzio non \u00e8 volto a celare verit\u00e0 scomode.<\/p>\n\n\n\n<p>E per me rappresenta la via giusta, che intendo seguire fino in fondo.<\/p>\n\n\n\n<p>Ci\u00f2 detto, quando le indagini saranno portate a compimento, con la speranza che sulla vicenda cessi il clamore mediatico e la comunit\u00e0 recuperi fiducia e serenit\u00e0, vorr\u00f2 rendere pi\u00f9 fitto con Voi, grazie anche all&#8217;apporto prezioso del Presbiterio, il dialogo fraterno, nel comune cammino di Fede.<\/p>\n\n\n\n<p>X Sergio Melillo<\/p>\n\n\n\n<p><em>Vescovo di Ariano Irpino &#8211; Lacedonia<\/em><em><\/em><\/p>\n","protected":false},"excerpt":{"rendered":"<p>Mons. Sergio Melillo Vescovo di Ariano Irpino \u2013 Lacedonia Ariano Irpino, 3 novembre 2024 LETTERA AI FEDELI Carissimi fratelli e sorelle, cari presbiteri, diaconi, religiosi\/e,, da settimane, quasi quotidianamente, una&hellip;<\/p>\n","protected":false},"author":1,"featured_media":0,"parent":0,"menu_order":0,"comment_status":"closed","ping_status":"closed","template":"","meta":{"_mc_calendar":[],"footnotes":""},"class_list":["post-1184","page","type-page","status-publish","hentry"],"_links":{"self":[{"href":"https:\/\/www.parrocchiavillanovadelbattista.it\/site\/wpita\/wp-json\/wp\/v2\/pages\/1184","targetHints":{"allow":["GET"]}}],"collection":[{"href":"https:\/\/www.parrocchiavillanovadelbattista.it\/site\/wpita\/wp-json\/wp\/v2\/pages"}],"about":[{"href":"https:\/\/www.parrocchiavillanovadelbattista.it\/site\/wpita\/wp-json\/wp\/v2\/types\/page"}],"author":[{"embeddable":true,"href":"https:\/\/www.parrocchiavillanovadelbattista.it\/site\/wpita\/wp-json\/wp\/v2\/users\/1"}],"replies":[{"embeddable":true,"href":"https:\/\/www.parrocchiavillanovadelbattista.it\/site\/wpita\/wp-json\/wp\/v2\/comments?post=1184"}],"version-history":[{"count":7,"href":"https:\/\/www.parrocchiavillanovadelbattista.it\/site\/wpita\/wp-json\/wp\/v2\/pages\/1184\/revisions"}],"predecessor-version":[{"id":3635,"href":"https:\/\/www.parrocchiavillanovadelbattista.it\/site\/wpita\/wp-json\/wp\/v2\/pages\/1184\/revisions\/3635"}],"wp:attachment":[{"href":"https:\/\/www.parrocchiavillanovadelbattista.it\/site\/wpita\/wp-json\/wp\/v2\/media?parent=1184"}],"curies":[{"name":"wp","href":"https:\/\/api.w.org\/{rel}","templated":true}]}}

<p class="has-text-align-center has-vivid-red-color has-text-color has-background has-medium-font-size" style="background-color:#a6cee7"><strong><span style="color:#bf1259" class="has-inline-color">Mons. Sergio Melillo</span></strong></p>



<p class="has-text-align-center has-text-color has-background" style="color:#c72a2a;background-color:#add3eb"><strong>Vescovo di Ariano Irpino – Lacedonia</strong></p>



<p>Ariano Irpino, 3 novembre 2024</p>



<p class="has-text-align-right"></p>



<p class="has-vivid-red-color has-luminous-vivid-amber-background-color has-text-color has-background has-medium-font-size">LETTERA AI FEDELI</p>



<p>Carissimi fratelli e sorelle, cari presbiteri, diaconi, religiosi/e,,</p>



<p>da settimane, quasi quotidianamente, una nota trasmissione televisiva dedica parte del suo palinsesto alla penosa vicenda degli <em>ex voto</em> in oro trafugati dal palazzo vescovile.</p>



<p>Per i modi addirittura persecutori e financo irrispettosi dei luoghi di culto e delle funzioni religiose in cui si attua; per i contenuti, in vari momenti, falsi, insinuanti e ingannevoli in cui si esprime, essa da un canto lede il ruolo e l&#8217;immagine della Chiesa, la figura e la persona del Vescovo, dall&#8217;altro mi preoccupa per lo smarrimento che genera nella comunità diocesana.</p>



<p>Sin dalla prima puntata del programma mi sono formalmente doluto di una impronta affatto corretta della informazione giornalistica; ho motivato, inoltre, la mia intenzione di non rilasciare interviste.</p>



<p>Dal volgere degli eventi ho ragione di ritenere che il mio atteggiamento non sia stato gradito, registrando l&#8217;intendimento quasi punitivo e sempre più pressante, anche per mezzo di accostamenti maliziosi, subdole insinuazioni e mistificazioni varie, ad indurmi a rendere la tanto reclamata intervista: come se ci fosse soltanto un diritto di cronaca e non anche un diritto alla riservatezza.</p>



<p>Per la prima ragione, preannuncio che darò mandato ad un avvocato di fiducia per valutare le azioni esercitabili ed eventualmente darvi corso.</p>



<p>Per il secondo motivo mi rivolgo a Voi avendo in animo il desiderio di risanare, sulla via della verità, il rapporto di fiducia con il popolo dei fedeli, purtroppo lacerato dal furto sacrilego. Già all&#8217;indomani dell&#8217;arresto della suora che, secondo una consolidata prassi esecutiva, aveva in custodia gli ori in un settore dell&#8217;episcopio riservato alla sua congregazione ed interdetto al clero, con il mio comunicato del 12 ottobre ho preso atto degli sviluppi delle indagini, caratterizzati, per quanto emerso ufficialmente, da riscontri oggettivi e dalla confessione della indiziata; ho espresso fiducia nell&#8217;operato della Magistratura, ancora in corso</p>



<p>Questa per me è la verità, purtroppo amara e dura a sopportarsi: che una mano domestica si è macchiata di un fatto così empio che nuoce ai beni della Chiesa, infanga scandalosamente la sua immagine, offende la sensibilità dei fedeli e specialmente delle comunità parrocchiali i cui ex voto risultano sottratti, benché in parte.</p>



<p>Non ho voluto rilasciare interviste ad emittenti televisive e testate della carta stampata perché, soprattutto nella attuale fase di ricostruzione dei fatti e di ricerca degli elementi di prova, nel rispetto del segreto istruttorio sulle indagini condotte dalla Magistratura inquirente, alla quale, come esponente della persona offesa dal reato, ho reso e renderò la più ampia collaborazione, credo che non sia onesto esprimere giudizi o fare commenti sulla base di dati generici, sommari, frammentari e in continuo divenire o, peggio, non sia conveniente lasciarsi irretire da ribalte mediatiche che, in nome di un abusato diritto di cronaca, attraverso immagini, racconti e brani di interviste, il più delle volte ripetitivi, si dipanano da un filo narrativo quotidianamente alimentato da dati estemporanei, da mere supposizioni, da gratuite esternazioni in una logica del sospetto o del “romanzo” che crea scenari sconcertanti o l&#8217;aspettativa bramosa di risvolti sensazionali.</p>



<p>Per queste ragioni ho mantenuto un profilo di sobrio riserbo: il mio silenzio non è volto a celare verità scomode.</p>



<p>E per me rappresenta la via giusta, che intendo seguire fino in fondo.</p>



<p>Ciò detto, quando le indagini saranno portate a compimento, con la speranza che sulla vicenda cessi il clamore mediatico e la comunità recuperi fiducia e serenità, vorrò rendere più fitto con Voi, grazie anche all&#8217;apporto prezioso del Presbiterio, il dialogo fraterno, nel comune cammino di Fede.</p>



<p>X Sergio Melillo</p>



<p><em>Vescovo di Ariano Irpino &#8211; Lacedonia</em><em></em></p>
