{"id":1007,"date":"2020-04-23T20:43:56","date_gmt":"2020-04-23T18:43:56","guid":{"rendered":"https:\/\/www.parrocchiavillanovadelbattista.it\/site\/wpita\/?page_id=1007"},"modified":"2020-05-05T20:25:20","modified_gmt":"2020-05-05T18:25:20","slug":"caritas","status":"publish","type":"page","link":"https:\/\/www.parrocchiavillanovadelbattista.it\/site\/wpita\/caritas\/","title":{"rendered":"Caritas"},"content":{"rendered":"\n<figure class=\"wp-block-image size-large is-style-rounded\"><img decoding=\"async\" width=\"100\" height=\"132\" src=\"https:\/\/www.parrocchiavillanovadelbattista.it\/site\/wpita\/wp-content\/uploads\/2020\/04\/caritas11-1.jpg\" alt=\"\" class=\"wp-image-1013\"\/><\/figure>\n\n\n\n<figure class=\"wp-block-image size-large is-style-default\"><img decoding=\"async\" src=\"https:\/\/www.parrocchiavillanovadelbattista.it\/site\/wpita\/wp-content\/uploads\/2020\/04\/caritas-1.jpg\" alt=\"\" class=\"wp-image-1014\"\/><\/figure>\n\n\n\n<p>La Caritas parrocchiale, presieduta dal parroco, \u00e8 un gruppo di persone che lo aiuta sul piano dell\u2019animazione alla testimonianza della carit\u00e0, prima ancora e pi\u00f9 che su quello operativo di servizio ai poveri. L\u2019obiettivo principale \u00e8 partire da fatti concreti \u2013 bisogni, risorse, emergenze \u2013 e realizzare percorsi educativi finalizzati al cambiamento concreto negli stili di vita ordinari dei singoli e dei gruppi, in ambito ecclesiale e civile.<\/p>\n\n\n\n<p>La Caritas parrocchiale ha l\u2019obiettivo di aiutare tutti a vivere la testimonianza, non solo come fatto privato, ma come esperienza comunitaria, costitutiva della Chiesa. L\u2019idea stessa di Caritas parrocchiale esige, pertanto, una parrocchia, cio\u00e8 una comunit\u00e0 di fede, preghiera e amore. La testimonianza comunitaria della carit\u00e0 \u00e8 infatti insieme la meta da raggiungere e il mezzo \u2013 o almeno uno dei mezzi \u2013 per costruire la comunione. Un esercizio da praticare costantemente.<\/p>\n\n\n\n<p>Come lavorare per un cos\u00ec alto obiettivo? L\u2019esperienza e la riflessione portano ormai da tempo a definire alcuni elementi cardine su cui fondare il lavoro di ogni servizio Caritas:<\/p>\n\n\n\n<ul class=\"wp-block-list\"><li>la definizione dei destinatari\/protagonisti del servizio di animazione: i poveri, la Chiesa e il territorio\/mondo;<\/li><li>un metodo di lavoro basato sull\u2019ascolto, sull\u2019osservazione e sul discernimento, finalizzati all\u2019animazione;<\/li><li>la <em>capacit\u00e0 di individuare<\/em>, tra tutte le azioni possibili, quelle in grado di collegare emergenza e quotidianit\u00e0, cio\u00e8 di intervenire nell\u2019immediato e portare ad un cambiamento nel futuro;<\/li><li>la scelta di costruire e proporre percorsi educativi, in grado di incidere concretamente nella vita delle persone e delle comunit\u00e0.<\/li><\/ul>\n\n\n\n<p class=\"has-vivid-red-color has-text-color has-background\" style=\"background-color:#f1dfab\">Il gruppo \u00e8 formato da:<\/p>\n\n\n\n<p>Raffa Giancarlo, Scaperrotta Antonietta, Maglione Lina, Silano Carmine.<\/p>\n\n\n\n<p>Presidente Raffa Giancarlo<\/p>\n\n\n\n<p>La distribuzione viene effettuata <strong>ogni terzo luned\u00ec<\/strong> del mese alla sede dell&#8217;ex asilo delle suore.<\/p>\n\n\n\n<p class=\"has-vivid-red-color has-pale-cyan-blue-background-color has-text-color has-background\"><strong>Numeri utili: Giancarlo 339 8867704; Antonietta 366 3221968<\/strong><\/p>\n\n\n\n<p class=\"has-very-dark-gray-color has-luminous-vivid-amber-background-color has-text-color has-background\"><strong>Puoi contribuire a sostenere le attivit\u00e0 portando in Chiesa, nell&#8217;apposito spazio, alimenti a lunga conservazione, quali scatolame, latte, fagioli, pasta, ecc.<\/strong><\/p>\n","protected":false},"excerpt":{"rendered":"<p>La Caritas parrocchiale, presieduta dal parroco, \u00e8 un gruppo di persone che lo aiuta sul piano dell\u2019animazione alla testimonianza della carit\u00e0, prima ancora e pi\u00f9 che su quello operativo di&hellip;<\/p>\n","protected":false},"author":1,"featured_media":0,"parent":0,"menu_order":0,"comment_status":"closed","ping_status":"closed","template":"","meta":{"_mc_calendar":[],"footnotes":""},"class_list":["post-1007","page","type-page","status-publish","hentry"],"_links":{"self":[{"href":"https:\/\/www.parrocchiavillanovadelbattista.it\/site\/wpita\/wp-json\/wp\/v2\/pages\/1007","targetHints":{"allow":["GET"]}}],"collection":[{"href":"https:\/\/www.parrocchiavillanovadelbattista.it\/site\/wpita\/wp-json\/wp\/v2\/pages"}],"about":[{"href":"https:\/\/www.parrocchiavillanovadelbattista.it\/site\/wpita\/wp-json\/wp\/v2\/types\/page"}],"author":[{"embeddable":true,"href":"https:\/\/www.parrocchiavillanovadelbattista.it\/site\/wpita\/wp-json\/wp\/v2\/users\/1"}],"replies":[{"embeddable":true,"href":"https:\/\/www.parrocchiavillanovadelbattista.it\/site\/wpita\/wp-json\/wp\/v2\/comments?post=1007"}],"version-history":[{"count":5,"href":"https:\/\/www.parrocchiavillanovadelbattista.it\/site\/wpita\/wp-json\/wp\/v2\/pages\/1007\/revisions"}],"predecessor-version":[{"id":1145,"href":"https:\/\/www.parrocchiavillanovadelbattista.it\/site\/wpita\/wp-json\/wp\/v2\/pages\/1007\/revisions\/1145"}],"wp:attachment":[{"href":"https:\/\/www.parrocchiavillanovadelbattista.it\/site\/wpita\/wp-json\/wp\/v2\/media?parent=1007"}],"curies":[{"name":"wp","href":"https:\/\/api.w.org\/{rel}","templated":true}]}}

<figure class="wp-block-image size-large is-style-rounded"><img decoding="async" width="100" height="132" src="https://www.parrocchiavillanovadelbattista.it/site/wpita/wp-content/uploads/2020/04/caritas11-1.jpg" alt="" class="wp-image-1013"/></figure>



<figure class="wp-block-image size-large is-style-default"><img decoding="async" src="https://www.parrocchiavillanovadelbattista.it/site/wpita/wp-content/uploads/2020/04/caritas-1.jpg" alt="" class="wp-image-1014"/></figure>



<p>La Caritas parrocchiale, presieduta dal parroco, è un gruppo di persone che lo aiuta sul piano dell’animazione alla testimonianza della carità, prima ancora e più che su quello operativo di servizio ai poveri. L’obiettivo principale è partire da fatti concreti – bisogni, risorse, emergenze – e realizzare percorsi educativi finalizzati al cambiamento concreto negli stili di vita ordinari dei singoli e dei gruppi, in ambito ecclesiale e civile.</p>



<p>La Caritas parrocchiale ha l’obiettivo di aiutare tutti a vivere la testimonianza, non solo come fatto privato, ma come esperienza comunitaria, costitutiva della Chiesa. L’idea stessa di Caritas parrocchiale esige, pertanto, una parrocchia, cioè una comunità di fede, preghiera e amore. La testimonianza comunitaria della carità è infatti insieme la meta da raggiungere e il mezzo – o almeno uno dei mezzi – per costruire la comunione. Un esercizio da praticare costantemente.</p>



<p>Come lavorare per un così alto obiettivo? L’esperienza e la riflessione portano ormai da tempo a definire alcuni elementi cardine su cui fondare il lavoro di ogni servizio Caritas:</p>



<ul class="wp-block-list"><li>la definizione dei destinatari/protagonisti del servizio di animazione: i poveri, la Chiesa e il territorio/mondo;</li><li>un metodo di lavoro basato sull’ascolto, sull’osservazione e sul discernimento, finalizzati all’animazione;</li><li>la <em>capacità di individuare</em>, tra tutte le azioni possibili, quelle in grado di collegare emergenza e quotidianità, cioè di intervenire nell’immediato e portare ad un cambiamento nel futuro;</li><li>la scelta di costruire e proporre percorsi educativi, in grado di incidere concretamente nella vita delle persone e delle comunità.</li></ul>



<p class="has-vivid-red-color has-text-color has-background" style="background-color:#f1dfab">Il gruppo è formato da:</p>



<p>Raffa Giancarlo, Scaperrotta Antonietta, Maglione Lina, Silano Carmine.</p>



<p>Presidente Raffa Giancarlo</p>



<p>La distribuzione viene effettuata <strong>ogni terzo lunedì</strong> del mese alla sede dell&#8217;ex asilo delle suore.</p>



<p class="has-vivid-red-color has-pale-cyan-blue-background-color has-text-color has-background"><strong>Numeri utili: Giancarlo 339 8867704; Antonietta 366 3221968</strong></p>



<p class="has-very-dark-gray-color has-luminous-vivid-amber-background-color has-text-color has-background"><strong>Puoi contribuire a sostenere le attività portando in Chiesa, nell&#8217;apposito spazio, alimenti a lunga conservazione, quali scatolame, latte, fagioli, pasta, ecc.</strong></p>

<p>La Caritas parrocchiale, presieduta dal parroco, è un gruppo di persone che lo aiuta sul piano dell’animazione alla testimonianza della carità, prima ancora e più che su quello operativo di&hellip;</p>
